{"id":7096,"date":"2019-04-24T23:18:20","date_gmt":"2019-04-24T21:18:20","guid":{"rendered":"http:\/\/js-rotbachtal.ch\/?page_id=7096"},"modified":"2024-09-14T14:52:32","modified_gmt":"2024-09-14T12:52:32","slug":"verein-sola-ar-sg","status":"publish","type":"page","link":"https:\/\/js-rotbachtal.ch\/?page_id=7096","title":{"rendered":"Verein Sola-AR-SG"},"content":{"rendered":"<p>Der <a href=\"https:\/\/verein.sola-ar-sg.ch\">Verein<\/a> wurde im Sommer 2018 von uns und den Jungscharen affebandi, Gossau sowie Goldbrunnen gegr\u00fcndet. Der Grund daf\u00fcr war die K\u00fcndigung der Unterst\u00fctzung von J+S f\u00fcr mehrere christliche Jugendverb\u00e4nde, darunter auch dem BESJ.<br \/>\nDa wir eine BESJ-Jungschar sind, hiess das, dass wir keine Lager unter J+S mehr durchf\u00fchren k\u00f6nnen. Deshalb fehlte uns damit ein grosser Teil an finanzieller Unterst\u00fctzung und an Leihmaterial von J+S.<\/p>\n<p>Im Herbst 2017 wurden L\u00f6sungen durch Arbeitsgruppen von Verb\u00e4nden und Kirchen gesucht. Im Januar 2018 wurde der J+S-Ausbildungsverband AF+ durch youthnet\/Pfimi, BewegungPlus und weitere (ohne BESJ) gegr\u00fcndet. Dieser Dachverband gibt den Jungschargruppen die M\u00f6glichkeit wieder Lager unter J+S durchzuf\u00fchren.<\/p>\n<p>Durch die Gr\u00fcndung eines Lagervereines mit den Jungscharen affebandi, Gossau und Goldbrunnen wurden wir bei AF+ angenommen und im Januar 2019 auch von J+S anerkannt. Das heisst, dass wir unsere folgenden gemeinsamen Sommerlager wieder unter J+S durchf\u00fchren k\u00f6nnen.<\/p>\n<p>&nbsp;<\/p>\n<p><strong><\/p>\n<p>Unser SoLa 2024: <span class=\"yangcheng-text\">YANGCHEN<\/span><\/p>\n<style>\n  .yangcheng-text {\n    font-family: 'Bruno Ace SC', sans-serif;\n  }\n<\/style>\n<p><\/strong>Dieses Jahr sind wir mit Gladys auf eine spannende Reise nach Yangchen gegangen. Gemeinsam haben wir viele coole Sachen erlebt: von einer Zugfahrt, die schiefging, bis zu einer packenden Rettungsaktion der Entf\u00fchrten. Jeden Tag spielten wir, hatten Spass, haben gemeinsam gesungen und eine Geschichte von Gott geh\u00f6rt.<\/p>\n<p>Wenn ihr noch einmal in das Abenteuer in Yangchen eintauchen wollt, schaut euch das Video an oder geniesst <a href=\"https:\/\/sola-ar-sg.ch\">hier<\/a> den R\u00fcckblick anhand der Bilder und Blogeintr\u00e4gen von Niama.<\/p>\n<p><iframe loading=\"lazy\" width=\"1280\" height=\"720\" src=\"https:\/\/www.youtube.com\/embed\/lQiEyuF-O1A\" title=\"SOLA 24 - YANGCHEN\" frameborder=\"0\" allow=\"accelerometer; autoplay; clipboard-write; encrypted-media; gyroscope; picture-in-picture; web-share\" referrerpolicy=\"strict-origin-when-cross-origin\" allowfullscreen><\/iframe><\/p>\n<link rel=\"preconnect\" href=\"https:\/\/fonts.googleapis.com\">\n<link rel=\"preconnect\" href=\"https:\/\/fonts.gstatic.com\" crossorigin>\n<link href=\"https:\/\/fonts.googleapis.com\/css2?family=Bruno+Ace+SC&#038;display=swap\" rel=\"stylesheet\">\n<p>&nbsp;<\/p>\n","protected":false},"excerpt":{"rendered":"<p>Der Verein wurde im Sommer 2018 von uns und den Jungscharen affebandi, Gossau sowie Goldbrunnen gegr\u00fcndet. Der Grund daf\u00fcr war die K\u00fcndigung der Unterst\u00fctzung von J+S f\u00fcr mehrere christliche Jugendverb\u00e4nde, darunter auch dem BESJ. Da wir eine BESJ-Jungschar sind, hiess &hellip; <a href=\"https:\/\/js-rotbachtal.ch\/?page_id=7096\">Weiterlesen <span class=\"meta-nav\">&rarr;<\/span><\/a><\/p>\n","protected":false},"author":2,"featured_media":0,"parent":0,"menu_order":0,"comment_status":"closed","ping_status":"closed","template":"fullwidth-page.php","meta":{"ngg_post_thumbnail":0,"footnotes":""},"class_list":["post-7096","page","type-page","status-publish","hentry"],"_links":{"self":[{"href":"https:\/\/js-rotbachtal.ch\/index.php?rest_route=\/wp\/v2\/pages\/7096","targetHints":{"allow":["GET"]}}],"collection":[{"href":"https:\/\/js-rotbachtal.ch\/index.php?rest_route=\/wp\/v2\/pages"}],"about":[{"href":"https:\/\/js-rotbachtal.ch\/index.php?rest_route=\/wp\/v2\/types\/page"}],"author":[{"embeddable":true,"href":"https:\/\/js-rotbachtal.ch\/index.php?rest_route=\/wp\/v2\/users\/2"}],"replies":[{"embeddable":true,"href":"https:\/\/js-rotbachtal.ch\/index.php?rest_route=%2Fwp%2Fv2%2Fcomments&post=7096"}],"version-history":[{"count":25,"href":"https:\/\/js-rotbachtal.ch\/index.php?rest_route=\/wp\/v2\/pages\/7096\/revisions"}],"predecessor-version":[{"id":11498,"href":"https:\/\/js-rotbachtal.ch\/index.php?rest_route=\/wp\/v2\/pages\/7096\/revisions\/11498"}],"wp:attachment":[{"href":"https:\/\/js-rotbachtal.ch\/index.php?rest_route=%2Fwp%2Fv2%2Fmedia&parent=7096"}],"curies":[{"name":"wp","href":"https:\/\/api.w.org\/{rel}","templated":true}]}}